2
What is the highest common divisor of 32 and 2?
2
What is the greatest common factor of 17 and 901?
17
Calculate the greatest common factor of 206 and 7725.
103
What is the greatest common factor of 31 and 279?
31
What is the highest common factor of 21483 and 868?
217
Calculate the greatest common divisor of 369 and 207.
9
Calculate the greatest common divisor of 17039 and 11.
11
What is the greatest common divisor of 2685 and 60?
15
What is the highest common factor of 2964 and 96?
12
What is the greatest common divisor of 66 and 3234?
66
Calculate the greatest common factor of 144 and 234.
18
What is the greatest common factor of 132 and 72?
12
What is the highest common divisor of 693 and 396?
99
What is the greatest common divisor of 7470 and 360?
90
What is the greatest common divisor of 32459 and 14?
7
Calculate the greatest common divisor of 1243 and 11.
11
Calculate the greatest common divisor of 286 and 22.
22
What is the greatest common divisor of 357 and 51?
51
What is the highest common divisor of 144 and 1968?
48
What is the highest common divisor of 2299 and 38?
19
Calculate the highest common factor of 49 and 1421.
49
Calculate the highest common divisor of 1073 and 203.
29
Calculate the highest common divisor of 427 and 49.
7
Calculate the greatest common factor of 16 and 1432.
8
Calculate the highest common divisor of 900 and 1044.
36
Calculate the highest common factor of 23 and 299.
23
What is the highest common divisor of 45 and 1242?
9
Calculate the greatest common divisor of 344 and 473.
43
What is the highest common divisor of 96 and 12576?
96
What is the highest common factor of 92 and 132?
4
What is the greatest common factor of 342 and 9?
9
What is the greatest common factor of 784 and 392?
392
Calculate the greatest common divisor of 416 and 13.
13
What is the greatest common divisor of 4512 and 658?
94
What is the greatest common factor of 5108 and 4?
4
What is the greatest common factor of 8316 and 84?
84
Calculate the greatest common divisor of 535 and 3531.
107
What is the greatest common factor of 154 and 7?
7
Calculate the highest common divisor of 2924 and 86.
86
Calculate the greatest common factor of 147 and 196.
49
Calculate the greatest common factor of 5043 and 41.
41
What is the greatest common divisor of 903 and 21?
21
What is the greatest common factor of 142 and 1420?
142
What is the highest common divisor of 25 and 75?
25
Calculate the greatest common factor of 4010 and 10.
10
Calculate the greatest common divisor of 722 and 38.
38
What is the greatest common factor of 16 and 960?
16
Calculate the highest common divisor of 12 and 10620.
12
Calculate the highest common divisor of 195 and 351.
39
Calculate the highest common divisor of 3 and 51.
3
What is the greatest common divisor of 141 and 5217?
141
Calculate the highest common factor of 15085 and 7.
7
What is the highest common divisor of 384 and 80?
16
What is the highest common factor of 8 and 3032?
8
What is the highest common divisor of 346 and 2?
2
Calculate the greatest common divisor of 10686 and 39.
39
What is the highest common divisor of 10 and 185?
5
Calculate the greatest common factor of 105 and 70.
35
What is the greatest common factor of 476 and 21?
7
What is the highest common divisor of 26 and 39?
13
Calculate the greatest common factor of 78 and 39.
39
What is the greatest common divisor of 4 and 58?
2
What is the highest common factor of 105 and 10410?
15
Calculate the greatest common factor of 48 and 1608.
24
What is the highest common divisor of 82 and 2?
2
What is the greatest common factor of 1441 and 22?
11
Calculate the greatest common factor of 3726 and 1104.
138
What is the highest common factor of 70 and 165?
5
What is the highest common divisor of 152 and 171?
19
Calculate the greatest common divisor of 188 and 11327.
47
What is the greatest common divisor of 3431 and 47?
47
What is the greatest common divisor of 399 and 21?
21
Calculate the highest common factor of 156 and 429.
39
What is the greatest common factor of 10 and 130?
10
Calculate the greatest common divisor of 100 and 12100.
100
Calculate the highest common divisor of 74 and 16465.
37
Calculate the greatest common factor of 69 and 3013.
23
What is the highest common divisor of 35 and 280?
35
What is the highest common divisor of 236 and 112?
4
What is the highest common divisor of 1679 and 73?
73
Calculate the highest common divisor of 24 and 8.
8
What is the highest common factor of 234 and 72?
18
What is the greatest common factor of 216 and 32?
8
Calculate the greatest common divisor of 125 and 50.
25
What is the highest common factor of 50 and 525?
25
What is the highest common factor of 328 and 1025?
41
What is the highest common factor of 130 and 3835?
65
Calculate the greatest common divisor of 21 and 4417.
7
Calculate the highest common divisor of 45 and 63.
9
What is the highest common divisor of 384 and 22368?
96
What is the highest common divisor of 65 and 1235?
65
Calculate the highest common divisor of 36 and 252.
36
What is the greatest common factor of 168 and 6279?
21
What is the highest common divisor of 396 and 48?
12
Calculate the greatest common divisor of 49 and 49.
49
Calculate the greatest common factor of 3 and 239.
1
Calculate the greatest common divisor of 50 and 12370.
10
Calculate the greatest common divisor of 345 and 30.
15
Calculate the greatest common divisor of 2674 and 2101.
191
Calculate the highest common factor of 162 and 864.
54
Calculate the highest common divisor of 42 and 119.
7
What is the highest common factor of 48 and 3258?
6
What is the highest common factor of 200 and 55?
5
Calculate the greatest common divisor of 1 and 206.
1
Calculate the highest common factor of 85 and 100.
5
Calculate the highest common divisor of 17473 and 173.
173
What is the greatest common divisor of 104 and 80?
8
Calculate the highest common divisor of 2959 and 1345.
269
What is the highest common divisor of 11975 and 25?
25
Calculate the highest common factor of 36 and 16.
4
Calculate the greatest common factor of 1128 and 12.
12
Calculate the greatest common factor of 1064 and 13034.
266
What is the greatest common divisor of 530 and 750?
10
What is the highest common divisor of 4 and 92?
4
Calculate the highest common factor of 45 and 558.
9
Calculate the greatest common factor of 15664 and 89.
89
Calculate the greatest common factor of 959 and 14.
7
Calculate the highest common divisor of 28 and 630.
14
What is the highest common divisor of 1176 and 168?
168
What is the greatest common factor of 530 and 10?
10
Calculate the highest common divisor of 266 and 448.
14
Calculate the highest common factor of 5 and 18365.
5
Calculate the greatest common divisor of 119 and 14.
7
Calculate the highest common factor of 20 and 6932.
4
What is the highest common factor of 357 and 14875?
119
What is the greatest common divisor of 6 and 38?
2
What is the greatest common divisor of 2301 and 236?
59
What is the greatest common divisor of 5 and 1455?
5
Calculate the greatest common factor of 6 and 3000.
6
Calculate the highest common divisor of 16 and 4912.
16
Calculate the greatest common divisor of 26 and 702.
26
Calculate the greatest common factor of 5 and 995.
5
What is the greatest common factor of 5 and 11?
1
Calculate the highest common factor of 522 and 58.
58
What is the greatest common divisor of 322 and 1058?
46
What is the highest common factor of 22 and 1738?
22
Calculate the highest common divisor of 621 and 46.
23
Calculate the greatest common factor of 9 and 63.
9
What is the highest common divisor of 72 and 1224?
72
What is the greatest common factor of 848 and 16?
16
Calculate the highest common factor of 867 and 34.
17
Calculate the highest common divisor of 6953 and 34.
17
Calculate the highest common factor of 13 and 4303.
13
Calculate the greatest common divisor of 29 and 2117.
29
Calculate the highest common divisor of 45 and 36.
9
What is the greatest common factor of 24 and 522?
6
What is the greatest common divisor of 350 and 90?
10
Calculate the greatest common divisor of 154 and 938.
14
What is the highest common divisor of 70225 and 25?
25
Calculate the greatest common factor of 143 and 13.
13
Calculate the 